{"id":10231,"date":"2022-01-30T22:39:22","date_gmt":"2022-01-31T03:39:22","guid":{"rendered":"https:\/\/studiohibou.com\/?page_id=10231"},"modified":"2022-01-30T23:12:43","modified_gmt":"2022-01-31T04:12:43","slug":"site-internet","status":"publish","type":"page","link":"https:\/\/studiohibou.com\/index.php\/fr\/site-internet\/","title":{"rendered":"Site internet"},"content":{"rendered":"\n<h1>\n\t\tDesign, production et mise en ligne\n\t<\/h1>\n\t<p>R\u00e9alisez votre site internet personnel ou professionnel<\/p>\n\t\t\t<a href=\"\" target=\"_self\" role=\"button\" rel=\"noopener\">\n\t\t\t\t\t\t\tEstimation gratuite\n\t\t\t<\/a>\n\t\t\t\t<img loading=\"lazy\" decoding=\"async\" src=\"https:\/\/studiohibou.com\/wp-content\/uploads\/2018\/07\/montage20072018-1-1024x558.png\" alt=\"montage20072018\" itemprop=\"image\" height=\"558\" width=\"1024\" title=\"montage20072018\" onerror=\"this.style.display='none'\"  \/>\n\t\t\t\t<img decoding=\"async\" src=\"https:\/\/pro.demos.wpbeaverbuilder.com\/wp-content\/uploads\/sites\/29\/2021\/08\/alvaro-reyes-qWwpHwip31M-unsplash-scaled-1-2048x1365.jpg\" alt=\"\" itemprop=\"image\" onerror=\"this.style.display='none'\"  \/>\n<h2>\n\t\tSolution cl\u00e9 en main\n\t<\/h2>\n\t<p>Formation pour vous permettre de mettre votre site \u00e0 jour vous-m\u00eame apr\u00e8s la mise en ligne<\/p>\n\t\t\t<a href=\"\" target=\"_self\" role=\"button\" rel=\"noopener\">\n\t\t\t\t\t\t\tEstimation gratuite\n\t\t\t<\/a>\n<h2>\n\t\tService personnalis\u00e9, selon votre projet\n\t<\/h2>\n\t<p>Le choix du nom de domaine est important.<\/p>\n\t<p>Vivamus magna justo, lacinia eget consectetur sed, convallis at tell. Praesent sapien massa, convallis lorem ipsum.<\/p>\n\t<p>Trouvez le bon forfait, selon les caract\u00e9ristiques de vos besoins<\/p>\n\t<p>Service de mises \u00e0 jour quotidiennement, pour assurer la performance optimale de votre site<\/p>\n\t<p>Le look que vous d\u00e9sirez avoir pour votre site<\/p>\n\t<p>Service de soutien technique en cas de probl\u00e8me<\/p>\n\t\t\t<a href=\"https:\/\/studiohibou.com\/index.php\/fr\/home-3\/\" target=\"_self\" role=\"button\" rel=\"noopener\">\n\t\t\t\t\t\tRetour Accueil\n\t\t<\/a>\n\n","protected":false},"excerpt":{"rendered":"<p>Design, production et mise en ligne R\u00e9alisez votre site internet personnel ou professionnel Estimation gratuite Solution cl\u00e9 en main Formation pour vous permettre de mettre votre site \u00e0 jour vous-m\u00eame apr\u00e8s la mise en ligne Estimation gratuite Service personnalis\u00e9, selon votre projet Le choix du nom de domaine est important. Vivamus magna justo, lacinia eget&hellip;<\/p>\n","protected":false},"author":4,"featured_media":0,"parent":0,"menu_order":0,"comment_status":"closed","ping_status":"closed","template":"","meta":{"_monsterinsights_skip_tracking":false,"_monsterinsights_sitenote_active":false,"_monsterinsights_sitenote_note":"","_monsterinsights_sitenote_category":0,"footnotes":""},"class_list":["post-10231","page","type-page","status-publish","hentry"],"aioseo_notices":[],"_links":{"self":[{"href":"https:\/\/studiohibou.com\/index.php\/wp-json\/wp\/v2\/pages\/10231","targetHints":{"allow":["GET"]}}],"collection":[{"href":"https:\/\/studiohibou.com\/index.php\/wp-json\/wp\/v2\/pages"}],"about":[{"href":"https:\/\/studiohibou.com\/index.php\/wp-json\/wp\/v2\/types\/page"}],"author":[{"embeddable":true,"href":"https:\/\/studiohibou.com\/index.php\/wp-json\/wp\/v2\/users\/4"}],"replies":[{"embeddable":true,"href":"https:\/\/studiohibou.com\/index.php\/wp-json\/wp\/v2\/comments?post=10231"}],"version-history":[{"count":7,"href":"https:\/\/studiohibou.com\/index.php\/wp-json\/wp\/v2\/pages\/10231\/revisions"}],"predecessor-version":[{"id":10238,"href":"https:\/\/studiohibou.com\/index.php\/wp-json\/wp\/v2\/pages\/10231\/revisions\/10238"}],"wp:attachment":[{"href":"https:\/\/studiohibou.com\/index.php\/wp-json\/wp\/v2\/media?parent=10231"}],"curies":[{"name":"wp","href":"https:\/\/api.w.org\/{rel}","templated":true}]}}